**3 - d. Let s(m) = -5*t(m) - y(m). Let j be s(1). Let z = 12069 + -12061. What is the greatest common divisor of j and z?
4
Let d(o) = 100*o - 1. Let x be d(-1). Let m = -68 - x. What is the greatest common divisor of m and 3?
3
Let b(f) = 39455*f + 3 - 39448*f + f**2 - 3. Suppose 0 = 3*j + m + 13 + 10, 0 = -5*j - m - 39. Let w be b(j). Calculate the greatest common divisor of 80 and w.
8
Suppose -28 = -2*h - j, -13*j = 3*h - 9*j - 42. Let r = -199 + 25. Let w = -76 - r. What is the highest common divisor of w and h?
14
Let l be (-88080)/(-140) + 24 - (-6)/7. What is the greatest common divisor of 6 and l?
6
Suppose 26*f - 32*f = -4*f - 198. Calculate the greatest common factor of f and 5214.
33
Suppose -2*w = 4*l - 240, -22*w + 28*w - 800 = 4*l. What is the highest common divisor of w and 110?
10
Let m = 2305 - 2107. What is the highest common divisor of 24 and m?
6
Let g(w) = w**3 + 59*w**2 + 363*w + 32. Let i be g(-52). What is the highest common divisor of 5124 and i?
84
Let u(q) = 139*q - 653. Let n be u(7). What is the greatest common divisor of n and 544?
32
Let y be (-3)/(-6) - 261/(-6). Let d = 1628 + -1617. Calculate the highest common factor of y and d.
11
Let x be ((-10)/2 + 3)/(2/(-3)). Suppose 0 = -3*r - t + 11, x*r + 8 = 4*r - 4*t. Suppose 4*h + r*h = 32. Calculate the greatest common factor of 44 and h.
4
Let h be (346 - 64) + 7/(-1). What is the highest common divisor of h and 880?
55
Suppose -2*i + 26*n + 23 = 21*n, i - 11 = 2*n. Suppose -3*p = 22 - 67. Suppose 2*r - 10 - 5 = -3*k, -p = -5*k. What is the greatest common factor of i and r?
3
Let m = -2610 - -3622. Calculate the highest common divisor of 154 and m.
22
Suppose 23 = 8*i - 97. Suppose 4*s = -7 + i. Suppose 4*o + 3*x - 40 = 4*x, 4*o - s*x = 40. Calculate the greatest common divisor of o and 80.
10
Suppose -119*d = -47*d - 58752. Calculate the greatest common divisor of d and 16.
16
Suppose -6*r + 5*r = -43. Suppose -2*c + 85 - r = 0. Calculate the highest common divisor of c and 609.
21
Suppose 27*u + 3363 = 4362. Calculate the highest common divisor of 16983 and u.
37
Let g(s) = 9*s**2 + 171*s - 1261. Let c be g(7). Calculate the highest common factor of 348 and c.
29
Suppose 2387 = -97*b + 174*b. Calculate the highest common divisor of 403 and b.
31
Let j be ((-24)/15)/(2/(-190)). Let c be (296/148)/(((-4)/38)/(-1)). What is the greatest common factor of j and c?
19
Suppose 20 = 5*d + 4*o + 79, 0 = 4*d + 3*o + 48. Let q = 19 + d. Suppose 3*x + 4*u = 248, -u + q = -5*u. Calculate the greatest common divisor of x and 12.
12
Let h(q) = -q**3 + 26*q**2 - 19*q + 11. Let s be h(13). Calculate the highest common divisor of 424 and s.
53
Let v(l) = 82*l - 26. Let x(c) = c**2 - 3*c - 3. Let o be x(6). Suppose -18*k + 9 = -o*k. Let w be v(k). Calculate the greatest common factor of w and 20.
20
Let h(r) = -2*r + 26. Let g be h(12). Let t be 1 + 0 + (g - -2). Let v be -4 + 132/(15/t). What is the highest common divisor of v and 60?
20
Suppose 11*v - 5*w = 7*v + 2255, 5*w - 1735 = -3*v. Calculate the highest common factor of 418 and v.
38
Let t = 7472 - 7437. What is the greatest common factor of t and 950?
5
Let i(b) = 9*b**2 - 1003*b + 1448. Let a be i(110). Let k(t) = 3*t - 3. Let h be k(5). Calculate the highest common divisor of h and a.
6
Suppose -f + 9*m + 49 + 249 = 0, -2*f - 4*m + 552 = 0. Calculate the highest common divisor of f and 800.
40
Suppose -17*v = 2*v - 57. Suppose 5*q + v*w = 231, 4*q + q - 234 = -2*w. Suppose -h = -2*h + 32. What is the highest common divisor of q and h?
16
Suppose -5*w - 90 = -4*g, 4*w = -2*g + 2*w + 36. Suppose -5*c - 34*c = 7371. Let o = c + 409. What is the greatest common divisor of g and o?
20
Let f(v) = 10*v - 126. Let a be f(17). Let p = 89 + -23. What is the highest common divisor of a and p?
22
Let z be (2 - 1)/((-1)/(-8)). Let o = 19894 + -19862. What is the greatest common divisor of z and o?
8
Let k be 1/(-3 - (-32)/12) - 41. Let b be (-2)/(140/k - -3). Let l(u) = u**2 - 6*u + 1. Let q be l(b). Calculate the greatest common factor of 8 and q.
8
Let l = -2748 + 2808. What is the greatest common factor of 2820 and l?
60
Let a(r) = 117*r**3 - 125*r**3 + r + 2*r**2 + 2*r**2 + 9 - 3*r**2. Let d be a(-4). What is the greatest common divisor of 41 and d?
41
Let g(f) = -f**3 + 2*f**2 + 12*f - 12. Let j be g(4). Suppose j*w - 274 = a, -2*w + w - 4*a + 60 = 0. What is the highest common divisor of 544 and w?
68
Let a be 2 - (-1 - 2)*47. Suppose 119*c + 178 - 1278 = 19*c. What is the greatest common divisor of c and a?
11
Let z be 2*(683802/231 + (-2)/11). What is the greatest common divisor of z and 80?
80
Let s(a) = -2*a**3 - 3*a**2 - 5*a - 3. Let f be s(-3). Suppose -f = -4*t - 5*w, -6 = -3*w + 3. What is the highest common factor of t and 12?
6
Let f = -16888 - -26311. What is the greatest common divisor of f and 27?
27
Let s(f) = -13*f**2 - 950*f + 18. Let g be s(-69). What is the highest common factor of 147 and g?
147
Suppose -2*a + 67 - 69 = 0. Let g be -1 + 3 - (-2)/a. Suppose g = -2*u + u + 2*x + 20, 5*u - 85 = -5*x. Calculate the greatest common factor of 63 and u.
9
Let o(y) = 45*y**2 + 120*y + 8. Let w be o(-4). What is the greatest common divisor of 248 and w?
248
Suppose 2*d - 2*k = 2078, 2*k - 4168 = 43*d - 47*d. What is the greatest common factor of 3 and d?
3
Let z(y) = -6*y**2 - 447*y - 606. Let p be z(-73). Let a(x) = 2*x**2 + 5*x. Let k be a(6). Calculate the highest common divisor of k and p.
51
Suppose n = -4*c + 66, -2*n - 91*c + 96*c + 15 = 0. What is the highest common divisor of 11630 and n?
10
Let h(l) = -3*l + 2. Let a be (0/(-4 - -3))/2. Let q be h(a). Suppose -q*b = -5*m + 67, 13 = 2*m + 4*b - 9. Calculate the highest common factor of 13 and m.
13
Let n = -317 + 317. Suppose -4*u + 0*u + 96 = n. Suppose 0 = -3*d + 2*d + 36. Calculate the greatest common divisor of d and u.
12
Let s be (3/(-4))/(2/(-64)). Let t = 282 - 133. Let d = 43 + t. What is the greatest common divisor of s and d?
24
Let k be (21/(-10)*(-8)/14)/(20/350). Calculate the highest common divisor of k and 399.
21
Suppose x - 209 = -52*p + 48*p, -p = -2*x - 50. What is the highest common factor of p and 9854?
26
Suppose -4*h + 3*d + 94 = -1016, -2*d = 2*h - 548. Let m = h + 95. Calculate the greatest common factor of 106 and m.
53
Let n = 469 + -483. Let w = n + 26. Calculate the greatest common factor of 228 and w.
12
Let s = -201 + 210. Suppose 6 = s*w - 21. Let n(h) = -h**2 - 10*h + 15. Let b be n(-11). What is the greatest common factor of w and b?
1
Let h be 2/(-6) + (-228)/(-9). Let l(i) = i**3 + 24*i**2 - 291*i - 6584. Let d be l(-24). What is the greatest common divisor of d and h?
25
Let m(u) = 46*u - 280. Let d be m(7). Calculate the highest common divisor of 140 and d.
14
Suppose 0 = 55*t - 294 + 184. What is the greatest common factor of 458 and t?
2
Suppose -30*l + 63*l - 55341 = 0. Calculate the greatest common divisor of 3 and l.
3
Let b(o) = -o**3 + 2*o**2 + 6*o + 1. Let y be b(3). Let j be 183/244*32/3 + 27. What is the highest common factor of j and y?
5
Let t(l) = 51*l**2 + 112*l - 283. Let s be t(3). Calculate the greatest common divisor of 80 and s.
16
Let c be -18 + -7 + 8 - -8. Let b be 15 - c/18*-10. Calculate the highest common factor of b and 130.
10
Let z be 3/(-12) - (-7 - (-3400)/(-32)). Let x be ((-10)/15)/(4/(-24)) + z. Calculate the greatest common divisor of 18 and x.
9
Let f = 4281 + -4280. Suppose 5*w = 3*v + 13, 0 = -v + 2*v - 2*w + 3. Let o = v + 19. What is the highest common divisor of f and o?
1
Suppose -9*d + 88 = -103*d + 276. What is the highest common divisor of d and 976?
2
Let g(i) = 6*i**2 - 4*i - 3. Let z be 1/(18/(-3) - -5). Let w be g(z). Calculate the greatest common factor of w and 217.
7
Let w(g) = -12*g**2 - 277*g + 7. Let v be w(-23). What is the greatest common factor of v and 890?
10
Let r be (-10)/(9/45 + 34/(-70)). Let t be -2*3/((-6)/(-22)). Let g = r + t. What is the highest common divisor of 39 and g?
13
Suppose -4*f - 1788 = -3*w, -4*w - 4*f = -1452 - 960. Calculate the greatest common factor of 108 and w.
12
Let g = 246 + -259. Let d be (1 + 0)/(g/(-26)). What is the highest common factor of d and 94?
2
Suppose l + 7*l = 112. Let x = 51 + l. Suppose s - 83 = -4*i + 23, 4